 24 + -22. Suppose -3*k - 4 - 8 = -5*x, -3*x - a*k = 8. Let o be h(x). Calculate the highest common divisor of 6 and o.
2
Let i(w) = -699*w - 1597. Let u be i(-18). Calculate the greatest common divisor of u and 65.
65
Let s(g) = -38*g + 271. Let v be s(7). Let j be -46 + 1 + -6 + 3. Let q = j - -83. What is the highest common factor of v and q?
5
Suppose 61*v - 2312 + 291 = 236. What is the highest common divisor of v and 5587?
37
Let z be ((-12)/(-24))/((-174)/180 + 1). Suppose -18*m + 60 = -17*m. Calculate the highest common factor of m and z.
15
Let o(t) = 33*t**2 + t + 5. Let w be o(-2). Suppose -5*d + 58 + 212 = 0. Calculate the greatest common factor of d and w.
27
Let q be (-71)/(355/(-60))*2/6. Calculate the highest common divisor of 3316 and q.
4
Let x = 120346 - 120344. Let h(c) = -2*c - 5. Let a(j) = 2*j + 6. Let q(s) = 5*a(s) + 6*h(s). Let i be q(-1). What is the highest common divisor of x and i?
2
Let b be (25/15)/(1/3). Suppose b*z - o = -462, 3*z - 4*z + 4*o = 81. Let p = z - -101. What is the greatest common factor of p and 8?
8
Suppose -5*y + 307 = 317, -3*r = -2*y - 277. What is the highest common divisor of 377 and r?
13
Suppose -5*j + 408 = 418, -3*a - j + 967 = 0. What is the highest common divisor of 931 and a?
19
Let g = 96 - 67. Suppose t = -g + 87. Calculate the highest common divisor of 58 and t.
58
Suppose -3*c - 5*p + 162 = -4*p, 2*c - 108 = -2*p. What is the greatest common factor of c and 1002?
6
Suppose y + 77 = 95. Suppose 15*w + y = 17*w. Calculate the highest common factor of 333 and w.
9
Let l be -1 - 2 - 3/((-21)/(-7658)). Let v = 1745 + l. What is the greatest common divisor of v and 72?
72
Let b(r) = -2*r**3 - 42*r**2 + 142*r + 4. Let u be b(-24). Suppose 2*v - 30 = -4*x, 0 = -5*x + v + 5 + 36. What is the highest common factor of u and x?
4
Suppose -15*s = 5*g - 10*s - 3705, 0 = 4*g - s - 2949. Calculate the greatest common factor of 18 and g.
18
Let w(y) = -y**2 + 24*y - 75. Let o be w(20). Suppose 4*a = o*a - 18. Calculate the greatest common factor of a and 207.
9
Let b(i) = -i**3 - 8*i**2 + 2*i + 8. Let w = 20 - 27. Let l be b(w). Let z = -50 - l. Calculate the greatest common divisor of 55 and z.
5
Let x = -17523 - -21231. What is the greatest common divisor of x and 288?
36
Let m be 36/(-234)*(-130)/20. Suppose 6 = -3*b, 0 = -u - 2*b - 3*b - 10. Suppose u = -5*y - 0*y + 5. Calculate the greatest common divisor of m and y.
1
Suppose 4*b + 6*k = 9*k + 41, -5*b - 5*k + 25 = 0. Calculate the greatest common divisor of b and 1344.
8
Suppose j + 2*j - 36 = 0. Suppose -4*s = j, 13*h - s + 27 = 15*h. What is the highest common factor of h and 60?
15
Suppose 4*p + 1656 = 12*h - 10*h, 1624 = 2*h + 4*p. What is the highest common factor of 40 and h?
20
Suppose 0 = 31*y - 9233 - 2609. What is the greatest common factor of y and 1337?
191
Let j(f) = 2*f**2 - 4*f + 3. Let v be j(2). Let z(g) = -4*g**2 - 26*g + 27. Let b be z(-9). Let h = -60 - b. Calculate the highest common factor of h and v.
3
Suppose 49*q - 11052 = -17*q + 26898. Calculate the greatest common divisor of 1495 and q.
115
Suppose 2*t = -4 + 10. Let o(i) = 2*i - 7. Let p(k) = 1. Let s(v) = -o(v) + 5*p(v). Let m be s(t). What is the highest common divisor of 12 and m?
6
Suppose 0 = 4*o - 7 - 5. Let a be 4/(-7*6/(-252)). Suppose 3*k = 2*d + 14, 2*k - 6*d - a = -d. Calculate the greatest common factor of k and o.
1
Let u be (2/(3 - 7))/((-6)/3972). Let i = 367 - u. What is the highest common divisor of i and 9?
9
Suppose 29980 + 4124 = 203*p. What is the greatest common divisor of 378 and p?
42
Suppose -49*a = 54*a - 4532. What is the greatest common divisor of a and 407?
11
Let d be -1*4*(20/(-8) + 3). Let l = 51 - d. Let s = l + -42. Calculate the greatest common divisor of s and 22.
11
Let g be 54/182 + (-5)/35 - 40032/(-52). Suppose x = 2*q - 135, 4*q - 3*q = x + 65. Calculate the highest common factor of q and g.
70
Suppose 5*t = -2*z + 89 - 15, -45 = -3*t - z. Suppose 535 = 6*v - 137. Calculate the highest common divisor of v and t.
16
Let t(r) = 21*r**2 - 5*r - 8. Suppose 0 = -3*p - 4 - 2. Let s be t(p). Let c = s + -84. What is the greatest common divisor of 18 and c?
2
Suppose -15*n - 826 = -2*q - 14*n, -3*q = 4*n - 1228. Suppose -5 + 1 = b, -2*l + 4*b + q = 0. What is the greatest common divisor of l and 44?
22
Let v = 12 + -8. Suppose p + 97 = 6*p - v*o, -74 = -4*p + 5*o. Let x = -485 - -488. Calculate the highest common factor of x and p.
3
Suppose 0 = -16*r - 2 + 34. Suppose -2*m - r*f = 2*m - 666, 497 = 3*m + 2*f. Let b = m - 117. What is the highest common factor of b and 39?
13
Suppose 0*t = 24*t - 559 - 1601. Calculate the greatest common factor of t and 261.
9
Let k(q) = 2*q + 64. Let c be 24/(-4 - 4) + -1. Let w be k(c). What is the highest common divisor of w and 504?
56
Let l be (11569 - -16) + 9 + (-3 - 0). What is the greatest common factor of l and 67?
67
Let x = -113986 - -114274. Let r = -34 - -70. What is the highest common factor of r and x?
36
Let u = 8511 + -8499. What is the highest common divisor of 12390 and u?
6
Suppose 3*d = 2*d - 4*o + 43, -2*o = 5*d - 305. Let j = -411 + 600. What is the greatest common divisor of j and d?
63
Let b(i) = -36*i - 48*i - 21 - 7*i**2 + 23*i**2 + 89*i. Let a be b(-3). What is the highest common divisor of 162 and a?
54
Suppose 2*l - 5*r = -43 + 6, 0 = 4*l - 4*r + 44. Let s(q) = 5*q + 32. Let c be s(l). Calculate the highest common divisor of 14 and c.
2
Suppose -15*r + 30180 = 6915. Calculate the greatest common factor of r and 1128.
141
Suppose 8*r - 10*r + 48 = 0. Let o be ((-6)/2*1 - -1 - -648) + 2. What is the greatest common divisor of r and o?
24
Let u = -2915 - -2923. What is the greatest common factor of u and 538?
2
Suppose -6*w + 36 = 3*w. Suppose -9*v + 624 = w*v. Calculate the greatest common factor of v and 64.
16
Suppose 0 = c - 5*c - 2*g + 2090, 2*c - 1035 = -3*g. Let t = -509 + c. Calculate the greatest common factor of 1552 and t.
16
Suppose -3665 = -2*k - 4*g + 1989, -4*k + 11336 = g. What is the greatest common divisor of 140 and k?
35
Let i(m) = 3*m**2 - 25*m - 390. Let f be i(30). Calculate the highest common factor of f and 360.
120
Let n = 278 - 126. Calculate the highest common divisor of 266 and n.
38
Let h(p) = -3 + 9*p**2 - 11*p + 7 - 4*p + 2 - p**3. Let a be h(6). Suppose 990 = a*t - 18*t. What is the highest common divisor of t and 15?
15
Let l = 81 - 34. What is the highest common factor of 7 and l?
1
Let z be (-12)/(-54) + (-3894)/27. Let y be 4/(-6) - 24720/z. Calculate the highest common factor of 9 and y.
9
Let x(c) = c**2 - 4*c - 47. Let z be x(11). Calculate the greatest common divisor of z and 144.
6
Suppose 41*q - 21*q = -1120. Let n = q + 68. Calculate the greatest common factor of n and 156.
12
Let p(d) = d**3 - 4*d**2 + 4*d - 12. Let v be p(6). Let l = 5038 - 5010. What is the highest common factor of l and v?
28
Let g be 11 + -84 - 4*1. Let s = 123 + g. Let m = s - 21. Calculate the highest common divisor of m and 275.
25
Let i be ((-7)/2 - -1)*-74. Suppose 0 = -3*p + 5*t + 45, -5*p + 2*t + 75 = 6*t. Suppose 518 = -p*g + 22*g. What is the highest common factor of g and i?
37
Let q(d) = 6*d**3 - 6*d**2 - 16*d + 40. Let r be q(3). What is the greatest common divisor of 380 and r?
20
Let r be (-1645)/(-20) - (-3)/(-12). Let c = 116 - r. Calculate the greatest common factor of 170 and c.
34
Let j(s) = -2*s**3 - 50*s**2 - 8*s + 25. Let o be j(-25). Let p = o - -136. What is the greatest common divisor of p and 19?
19
Suppose -149 = -23*x - 57. Suppose -4*b = -x*m - 60, -b + 3*m = -m. Calculate the highest common factor of b and 1160.
20
Suppose 542 = 22*a - 18*a + 2*t, -4*a + 524 = -4*t. Calculate the highest common divisor of a and 737.
67
Suppose 2570*m + 161994 = 2628*m. Calculate the greatest common divisor of m and 228.
57
Let k = -169 + 178. Suppose 24*b - 165 = k*b. Calculate the greatest common divisor of b and 33.
11
Suppose 0 = -7*z + 10*z. Suppose 2*g - 4*g + 10 = z. Suppose -2*o + 21 = g*l, -3 = -0*o + o - 2*l. What is the greatest common divisor of 33 and o?
3
Suppose j + 16*l - 14*l = 4, -2*l = -2*j + 20. Let h be (-588)/(-4 + (-5 - 0) + j). Calculate the greatest common factor of h and 24.
12
Let n(f) = f**2 + 10*f - 45. Suppos